 - (3 + (9 - 16))) + 14.
15
What is the value of (-61 - 70 - -21) + 51?
-59
-47 + 25 + -12 + 27 - -24
17
What is (25 - 34 - 23) + 107 + (-1 - (5 - 2))?
71
Evaluate -2 - (-2 + -8) - -2 - (-47 - -86 - -26).
-55
2024 + -2019 - (0 - -88)
-83
(4 - -2) + -4 + 7 + -17 + (29 - 67)
-46
Evaluate 8 - 23 - -39 - 22 - 58.
-56
Calculate (-1 - 0) + 9 + -1 + 200 + -380 + 212.
39
(-172 + 174 - (20 - (-1 + 2))) + 7 - -8
-2
What is 11 - (0 + 21 + (185 - 203))?
8
What is 34 + 54 - 52 - 83?
-47
What is (-2 + -7 - (-58 - -69)) + -46?
-66
What is -28 + -2 + (9 - 26) + 7 + (0 - -8)?
-32
What is (-1 - 2) + (13 - (4 + -5)) + -23 + 9?
-3
Evaluate 0 + 0 - ((249 - 103) + -38).
-108
What is -3 + 0 - ((-130 - -36) + 118)?
-27
Calculate (-26 - (-25 - 8) - 17) + -26.
-36
What is the value of -1 - -27 - (11 + (129 - 163))?
49
33 - (-47 - (-55 - 114))
-89
What is -11 + -5 - (7 + 25)?
-48
Evaluate 17 - (42 + -210 + 125).
60
38 + (-63 - 36 - -55)
-6
-21 + 0 + 21 + -28 - -36
8
What is -53 + (204 - 171) + -8 + -3?
-31
Evaluate -2 + 9 + -5 + 6 + -96 + (73 - 87).
-102
Calculate -32 - -29 - -64 - 105.
-44
Calculate -8 - ((51 - (19 + -7 - 17)) + 7).
-71
What is -1 + (3 - 4) - ((66 - 144) + -14)?
90
What is 20 - 39 - (11 + 5 - 6)?
-29
What is -2 - (-8 + -2) - (21 + -7)?
-6
Evaluate (1 - (1 - 57)) + -16.
41
-5 - (-67 + (2 - -20 - 52))
92
What is the value of -1 - -94 - (104 + -23) - (-42 + -2 - 0)?
56
Evaluate (-10 - (-6 + 0 + 13)) + 22 + -18 + 65.
52
(-159 - 283) + 395 + (41 - -1)
-5
Evaluate (-57 - -44) + (7 - 39) + 10.
-35
-11 - -54 - (-8 + (11 - (-6 - 2)))
32
What is the value of (-55 - (-94 - -89)) + 67?
17
Calculate -9 - (0 + 2) - (27 + 23 + -31 + -92).
62
6 + (0 - 6) + -16 - (-304 - -247)
41
-50 + 76 + -21 + 13 - -14
32
What is the value of (29 + -80 - -100) + -5?
44
What is (-45 - (28 + -8)) + 80?
15
What is (-20 - (-101 - -49)) + -4?
28
Evaluate -54 - (-9 + -1 + -2 + 15 + -23 + 7).
-41
Evaluate (-21 - -24 - -9) + -64.
-52
Calculate 15 + -12 + 6 + -34 + (13 - 12).
-24
What is the value of -224 - -212 - (61 + 4 + -4 + 0)?
-73
Evaluate (-69 + (-2 - -4 - 4) - 0) + 3279 + -3276.
-68
Calculate -19 + (28 - -18) + -79.
-52
Evaluate -5 - (73 - 86 - (0 - -12)).
20
Evaluate -23 + (-1 - -18) + (118 - 123) + -42.
-53
What is (-6 - (-15 + -23)) + 2 + -4 + 2 + -1?
31
What is the value of (-18 - (-18 + 20)) + 50 + -1?
29
Evaluate 89 - (-59 - -259) - -38.
-73
Calculate (-30 - (-143 + 133)) + -70.
-90
Calculate (1 - 3) + 8 - (167 + -163).
2
What is (8 - (23 + 17 - 21)) + 9?
-2
What is the value of (126 - 10) + (25 - (19 - 16)) + -25?
113
-35 - (-2 + 14 + (-119 - -112))
-40
Calculate 54 + 3 + 65 + -71 + (5 - -1 - -4).
61
(-26 - (-5 + -116 + 18 + 7)) + (1 - -3)
74
Evaluate 132 - (110 + (162 - 8)).
-132
6 + 10 - (186 - 155)
-15
What is 37 - (-274 + 261 + 8 + 0) - 9?
33
What is 28 - (-86 + 33 + 28 + 33)?
20
Evaluate 1 + (-1 - 12) - (596 + -558).
-50
-50 + -13 + 70 + 2 + 19
28
Evaluate 73 + (2 - 2) + (12 - (4 + (3 - 7))).
85
Calculate 42 - (-10 + (20 - -64)).
-32
What is (13 - -1 - (-422 - -444)) + 23 + 1 + -1?
15
What is (-9 - 5) + (5 - 11 - -21 - 7) + -81?
-87
What is -5 + (6 - (1 - -2)) + -2 + -59 + 6?
-57
What is the value of (-4 - (-4 - -24)) + (-108 - -127)?
-5
3 + (14 - (-13 - -37) - (33 + -4 - 4))
-32
Evaluate 116 - (1 + 0 + (-14 - -16) + (21 - 10)).
102
What is 7 + -57 + (240 - 194)?
-4
Calculate 28 - 7 - (-16 + 21) - (-33 - -1).
48
Calculate 68 + -8 + -73 - 67.
-80
What is the value of -67 + (-21 - -2 - (-9 - 4)) + (2 - 2)?
-73
Evaluate -28 + 9 + (11 - 30) + 0 + 7 + -2.
-33
-43 - ((-120 - -67) + -21)
31
What is -8 - (2 + -8 - (119 + -121)) - -28?
24
What is the value of -4 + 65 - (1647 - 1652)?
66
Calculate 2 + (2 + -37 - -9 - (-10 + 3 - -1)).
-18
What is (14 - (-13 + -1 + 25)) + -3?
0
-68 + 156 + (19 - 41)
66
Calculate (20 - ((71 - 35) + -39)) + -63.
-40
What is the value of 88 - 0 - (2686 - 2698)?
100
Calculate 43 + -22 + -1 + -15 + -13.
-8
What is the value of (8 - (-12 - -8)) + -33 + 13?
-8
What is the value of -4 + 13 - (-266 - -339)?
-64
What is the value of 1 - -5 - (7 - 6) - (2241 - 2166)?
-70
What is the value of -4 + (-12 - (8 + 3)) + (-15 - -5)?
-37
Calculate (-178 - -240 - (-37 - -16)) + (2 - (-4 - 2)).
91
Calculate -3 + -7 + (-10 + 1 - (-14 - -20)).
-25
What is the value of (-2 - 3) + (8 + -11 + -18 - 7)?
-33
Evaluate (-50 - -4) + (99 - 64) - (-1 + 3) - -139.
126
Calculate 0 + -39 + 16 + 0 + (-12 - 43 - -39).
-39
(2 - (-6 - 1)) + (143 - 148 - (-1 + -39))
44
Evaluate -86 + 1 - -6 - (1 + -4).
-76
18 + (-7 + 5 + -19 - -36)
33
Evaluate -5 + -7 + (-19 - (6 - 50)).
13
What is -1045 - -1053 - ((2 - (4 + 12)) + 4)?
18
What is (21 - 0) + (-23 - (-1 + -8 - 2))?
9
-5 - -18 - (7 + -2) - (0 - 36)
44
(4 - 12 - 4) + (-41 - 51) + 29
-75
What is -40 + 45 + (-44 - (0 - (3 + -3)))?
-39
What is the value of -51 + (-21 - -84 - 30)?
-18
Calculate (0 + 1 - (-108 - -20 - -76)) + -40.
-27
What is -47 - -157 - 210 - -17?
-83
-10 + -3 + 122 + -88 + -31
-10
Calculate -47 - (50 + -45 + -120).
68
Calculate (-3355 - -3424) + -2 + -95.
-28
What is the value of 20 + 56 + -25 + -45?
6
What is (15805 - 15953) + -2 + 97?
-53
What is (-9 - 9) + -3 + (3 + 9 - 0)?
-9
2 + 11 - (-10 - (-114 + -7 + -11 + 16))
-93
What is the value of (0 + -6 - 19) + (981 - 1001)?
-45
What is 109 - (-78 - -224) - -120?
83
(-75 - (-87 - -42)) + -27
-57
-81 + 111 + (11 - 32) + -24
-15
Evaluate -20 + (-14 - 52 - -114).
28
What is the value of -16 + -2 + 2 + -5 - -18?
-3
What is 53 - (-19 - (-126 + 38))?
-16
Evaluate -7 + -5 + -65 - -18.
-59
Calculate -39 - (-28 + -23) - (45 - (5 + -6)).
-34
(-24 - (-22 + 11)) + (3 - 5 - -9) + 55
49
Calculate (-60 - -67) + (-34 - -21).
-6
Calculate -43 - (-22 + 6 + 14).
-41
What is 106 - (47 + (-61 - -24) - 14)?
110
Evaluate -2825 + 2802 - (2 + -46).
21
Evaluate (8 + (-21 - -8) - 1) + 6 + 13.
13
What is 0 + -52 + -1 + 1 - (-41 - -26 - -9)?
-46
What is the value of 39 + (-12 + 38 - 61 - -6)?
10
What is 44 + (9 + -31 - -8) + -98?
-68
What is -1 + -35 + -2625 + 2670?
9
Calculate 51 - ((-2 - -8) + -24 + 17 + 7).
45
Evaluate (-4 - 4) + 5 + 21 + 1 + -1.
18
What is the value of -9 + (-8 - -12) - (-322 + 256)?
61
What is the value of -2214 + 2320 - (-2 - 11 - -2)?
117
What is the value of (42 + -19 - (-4 - -13)) + -31 - -11?
-6
(-3 - (2 + -4)) + 260 + -347 + 94
6
What is the value of 13 + 2 - (-17 + 24 + 0)?
8
Calculate -124 + 180 + -42 + -1 + -113.
-100
Evaluate 26 + (-18 - (2 - -18 - 57)).
45
Calculate -140 + (21 - -42 - 41) + 0.
-118
What is the value of -102 - (-128 - -148 - 70)?
-52
(-24 - 29) + 13 + 17 + -34
-57
What is -1 + 13 + -8 + (-6 + 6 + 2 - 4)?
2
Calculate 7 + (4 - 12) + 10 + (-11 + 14 - -11).
23
What is the value of (1 - -1) + 1 + -43 + 26 + -14?
-28
-10 + (-9 - -10) + 3 - (19 + -69)
44
Calculate -1 + 92 - (0 - 2 - (-7 + (-4 - 4))).
78
-25 + 3 + 0 - (-62 - (108 - 124))
24
Evaluate -6 + 2 + 2 + (26 + -7 - (14 + 1)).
2
Calculate 11 + -3 - ((2 - 18) + -80 + 97) - 49.
-42
Calculate 4020 + -3972 + 0 + (2 - 14).
36
(-26 - (-9 + 38)) + -2 + (-5 - 7) - -6
-63
Evaluate 14 - (138 + -3 + (12 + 4 + -24 - -11)).
-124
What is the value of 8 + -26 + -11 - (-20 - (2 - 9))?
-16
Calculate 82 - ((88 - 65) + 84).
-25
What is the value of -14 - (-25 - (19 + 6 - 72))?
-36
Evaluate 64 - (92 - 50) - 21.
1
1 - (-60 - -60 - 0)
1
What is the value of 229 + -307 + 0 + 4 + (2 - 0)?
-72
Evaluate (852 - 806) + -5 + -36.
5
Evaluate -24 - (26 + -23) - ((7 + -6 - -2) + -2).
-28
Evaluate -15 + (10 - -83 - (87 + -64)).
55
Calculate 18 + (10 + 8 - 25) + (-1 - -14).
24
37 + 75 - 101 - -100
111
Evaluate -44 + 8 + -1 + 43.
6
Calculate -59 + 56 + -4 - (3 + -28) - (-9 + 1).
26
What is -27 - ((45 - 18) + -17) - 31?
-68
Calculate 42 + 0 + (72 - 105).
9
Calculate (1 - -51) + 218 + -188 + (-37 - 4).
41
Calculate 11 + (1 - 0 - -2) + -22 + 21.
13
Evaluate (4 - -3) + (-16 - -30).
21
What is 69 + -50 + 2 + -7 - 2 - -24?
36
Calculate 39 + -12 + (17 - (8 - (8 + -4))).
40
What is (23 - (36 + 12)) + -23?
-48
Calculate -99 + -53 + 108 - ((-3 - -5) + -4 + 8).
-50
-3451 + 3446 + (9 - 0)
4
Evaluate 35 + -148 + 91 + 45.
23
-40 + 44 + -33 - 2
-31
What is 23 + -131 + -1 + 17 + (-19 - -4)?
-107
What is -53 + 28 - (4 + -25) - (-12 - 1)?
9
-22 + (-13 + 26 - 4) - (8 + 0)
-21
Evaluate -1518 + 1593 + -38 + -2.
35
Calculate -40 - (10 - 24) - -20.
-6
What is 81 + 